r when g is divided by 6.
5
Let k(u) = 2*u - 6. Suppose 3*o - 16 = -o. Let z be k(o). Suppose -d = -z - 8. Calculate the remainder when d is divided by 3.
1
Suppose -w = 3*w - 80. Let d = 0 + w. Suppose -h = -2*a - 3 - 4, -d = -3*h + 5*a. What is the remainder when h is divided by 2?
1
Suppose 6*p - 2*p = 0. Suppose 8*b - 3*b + 2*c - 221 = p, 133 = 3*b + c. What is the remainder when b is divided by 4/(-16) + 49/4?
9
What is the remainder when 143 is divided by (-88)/(-90)*51 - (-12)/90?
43
Suppose 0 = 10*r - 12*r + 144. What is the remainder when r is divided by 25?
22
Let x(s) = s**2 + 3*s - 2. Let o = 6 + -13. Calculate the remainder when x(o) is divided by 9.
8
Let n(m) = m**2 - 5*m**2 + 25 + 3*m**2 + 2*m**2. What is the remainder when n(0) is divided by 7?
4
Let h be -2 + 24/(12/3). Calculate the remainder when 117/(-18)*h*-1 is divided by 7.
5
Let o = 8 + -3. Suppose -41 = -o*z + 4. What is the remainder when 15 is divided by z?
6
Let s(q) = q**2 + 7*q + 6. Let h be s(-6). Suppose h*p - 69 = -3*p. Calculate the remainder when 44 is divided by p.
21
Let g(z) = z**3 + 9*z**2 + 8*z + 9. Calculate the remainder when g(-6) is divided by 14.
13
Let b(k) = -3*k + 3. Let v(r) = 11*r - 11. Let c(m) = -9*b(m) - 2*v(m). What is the remainder when 17 is divided by c(3)?
7
Suppose -4*a + 22 = -14. Suppose i - 2*i = 3*o - a, -2*i - 6 = 0. What is the remainder when 5 is divided by o?
1
Calculate the remainder when 3/12 - (-3 + 38/(-8)) is divided by 4.
0
Let j be (37/2)/(2/4). Suppose -t + 24 = y, -2*t + 4*y + j = -41. Let r(m) = 2*m**2 + m + 10. Calculate the remainder when t is divided by r(0).
9
Let d be (-2)/((-2)/(2/(-2))). Let r be (d - (0 + 0)) + -8. Calculate the remainder when 10 is divided by -3*((-60)/r)/(-5).
2
Calculate the remainder when 16 is divided by (-4 - -6)/((-2)/(-6)).
4
Let o = -7 - -48. Let d be 1 - 2 - (1 - 2). Suppose l = -d*l + 11. What is the remainder when o is divided by l?
8
Let o(p) = p**3 + 14*p**2 + 23*p + 11. Calculate the remainder when 113 is divided by o(-12).
21
Calculate the remainder when 15/25*(1 + -6) - -44 is divided by 17.
7
Let j(u) = -u**2 - 12*u. What is the remainder when 41 is divided by j(-11)?
8
Suppose 3*a = 2*a + 9. Suppose 2*h - a - 35 = 0. Calculate the remainder when 43 is divided by h.
21
Suppose -2*v = 3*q, q = -3*v - 4*q - 1. Suppose -5*x - 3*y = -x, 5*x + 3*y = v. Suppose 0 = -x*u + 44 - 8. Calculate the remainder when 23 is divided by u.
11
Suppose -s + 1 = -2*s. Let d be (s/(-2))/(4/32). Suppose -d*g + 4 + 28 = 0. Calculate the remainder when g is divided by 3.
2
Let p(g) = -35*g**3 + 1. What is the remainder when p(-1) is divided by 13?
10
Suppose o - 16 = 4*h + 9, 2*o - h - 29 = 0. Suppose 0*k - 68 = -2*k. Let r = k + -10. What is the remainder when r is divided by o?
11
Suppose 2*g - 4 = -0*g. What is the remainder when 4 is divided by g?
0
Suppose -3*h = -5*t - 5, -t + 6*t + h + 5 = 0. What is the remainder when 30 is divided by (t - -3) + 11 + 3?
14
Suppose 7*n = 2*n - 25, 0 = -u + 5*n + 214. What is the remainder when u is divided by 48?
45
Let f be (-15)/(-6)*(-24)/(-20). Suppose -f*n + 7*n = 64. What is the remainder when 30 is divided by n?
14
Calculate the remainder when (5 - -269) + -2 - -1 is divided by 46.
43
Suppose 15 = 5*b - 0*b. Suppose -c - 4*l - 12 = -5*c, 2*c = 3*l + 1. What is the remainder when c is divided by b?
2
What is the remainder when 67 is divided by 3*(-4 + 3)*-4?
7
Let w = -86 + 160. What is the remainder when w is divided by 19?
17
Suppose k = 2*k + 82. Calculate the remainder when 40 is divided by (-10)/(-30) - k/6.
12
Suppose 0 = 3*o + q - 69, -11 - 58 = -3*o - 2*q. Calculate the remainder when 44 is divided by o.
21
Let m(a) = a**3 - 22*a**2 + 43*a - 19. What is the remainder when 204 is divided by m(20)?
40
Let p(m) = -9*m - 4. Let x(t) = -t**3 + 4*t**2 + t - 1. What is the remainder when p(-4) is divided by x(3)?
10
Let f(g) = -2*g - 53. Let v(w) = w + 18. Let q(i) = 3*f(i) + 8*v(i). Calculate the remainder when 19 is divided by q(11).
5
Let a = -7 + 50. What is the remainder when a is divided by 18?
7
Let d(h) = -2*h**3 - 2*h - 3. Let t be d(-3). Let f = t - 36. Let g = 85 + -45. Calculate the remainder when g is divided by f.
19
Suppose 83 = -4*d + 27. Let u be 2/((-4)/d) - 1. Suppose -u*b + 2*b + 104 = 0. What is the remainder when b is divided by 14?
12
Suppose -z + 3*r = -50, -2*r - 80 = -3*z + z. Calculate the remainder when z is divided by 19.
16
Suppose 0*j = j. Suppose 4*u - 116 = -j*u. Let n(x) = -3*x + 1. What is the remainder when u is divided by n(-3)?
9
Let u = -3 + 3. Let d = u - -16. Let f = 79 + -33. What is the remainder when f is divided by d?
14
Let l = -13 + 15. Suppose 0*y + 5*j + 45 = l*y, 4*y + 5*j - 165 = 0. Calculate the remainder when y is divided by 12.
11
Let t = -28 - -63. What is the remainder when 10 is divided by (-10)/t + 30/7?
2
Suppose -17 = -x - 3. What is the remainder when 54 is divided by x?
12
Suppose -2*i + 125 = -29. Suppose 2*o = -n - 2*n + i, -n - 3*o = -28. Calculate the remainder when 48 is divided by n.
23
Suppose 2*h - 120 = -2*c - 0*h, h = 3. Calculate the remainder when c is divided by 20.
17
Let g be (1 - 0) + 2 + -17. Let j = g - -23. Let a(n) = n**2 + 25. What is the remainder when a(0) is divided by j?
7
Suppose 6*w - 115 = w. Calculate the remainder when 66 is divided by w.
20
Let q(u) = -5*u**3 + u**2 - 1. Let i(p) be the first derivative of -3*p**2 + p - 1. What is the remainder when i(-2) is divided by q(-1)?
3
Let f(q) = -22*q + 1. What is the remainder when f(-3) is divided by 17?
16
Calculate the remainder when (-4)/(-18)*18/2 is divided by (-4)/(-3)*6/4.
0
Let j = 42 - 28. Let z(x) = -229*x**2 + 1. Let d be z(1). Calculate the remainder when 46 is divided by d/(-14) + (-4)/j.
14
Suppose -3*d = -4*d + 1. Let p = -3 + 5. What is the remainder when ((-4)/(-1 + p))/(-2) is divided by d?
0
Let n = 16 + 1. Let s = 9 + -3. Let j = 12 - s. Calculate the remainder when n is divided by j.
5
Let g(v) = -v - 17. Let w be g(-9). Let r = -4 - w. What is the remainder when r is divided by 6*1/(-2)*-1?
1
Let z = 17 - 3. Calculate the remainder when 25 is divided by z.
11
Let p(c) = 7*c**2 - 5*c + 3. What is the remainder when p(4) is divided by 24?
23
Let o(j) = 9*j + 6. What is the remainder when o(4) is divided by 17?
8
Suppose 0 = -4*u + 2*u + 28. Let s = u - 8. Calculate the remainder when 11 is divided by s.
5
Calculate the remainder when 13 is divided by (-15)/(-10)*42/9.
6
Let b be (-32)/(-6) - (-8)/12. Let q = b - -6. Calculate the remainder when 21 is divided by q.
9
Suppose -5*h + 67 + 73 = 0. Suppose 2*p + 2*k - 26 = 0, 5*p - 7 = 5*k + h. What is the remainder when 17 is divided by p?
7
Let z(r) = r**3 - 7*r**2 - 10*r + 19. What is the remainder when 1/(1*1/7) is divided by z(8)?
1
Let j(m) = m**2 + 18*m - 44. What is the remainder when 35 is divided by j(-21)?
16
Suppose i = 4*y + 5*i, -1 = -2*y - i. Let r be 17 + 0 + (1 - y). Suppose 2*b = r + 13. What is the remainder when 29 is divided by b?
14
Let h = 72 + -23. What is the remainder when h is divided by 26?
23
Let s = -74 - -85. Calculate the remainder when 32 is divided by s.
10
What is the remainder when -2 - (0 - (20 - 3)) is divided by 9?
6
Let l = 446 + -316. Calculate the remainder when l is divided by 33.
31
Let q = 24 - 22. What is the remainder when 3 is divided by q?
1
Let n = 2 + 0. Suppose -n*i = -3*i + 11. What is the remainder when i/2 - 1/(-2) is divided by 4?
2
Suppose -4*j + 9 = 1. What is the remainder when (161/(-14))/((-1)/j) is divided by 9?
5
Suppose -q - 2*v + 22 = 3*q, -v = 5*q - 23. Calculate the remainder when 7 is divided by q.
3
Let d be 3 - (-8 + 4/(-2)). Suppose 2*n - v = 19, -4*v - d = n - 9*v. What is the remainder when 46 is divided by n?
10
Let z(b) = b**3 - 14*b**2 + 12*b + 9. Let s be z(13). Let u(w) = -w**2 - 5*w + 2. What is the remainder when 22 is divided by u(s)?
4
Suppose -5*z = 4*u - 80, -5*z + 5*u = -z - 23. What is the remainder when z is divided by -3 + (0 - -2) - -6?
2
Suppose 0 = -2*j + 6*j - 48. Suppose -3*n + j = -3*l, -3*n + 5*l + 2 = -2. What is the remainder when 22 is divided by n?
6
Let g = 31 + 10. What is the remainder when g is divided by 22?
19
Let f be 3222/30 + (-2)/5. Suppos